x(k) = 2*k**2 + 7*k + 12. Determine x(r).
111
Let m = -5245 - -5229. Let l(d) = -10*d - 36. Calculate l(m).
124
Suppose 53 = -7*l - 94. Let u be (-1 - l/15)*(12 - -3). Let g(r) = -54*r + 96*r - 47*r + r**2. Give g(u).
6
Let t be -8*((-22)/6 + (-59)/(-2832)*152). Let a(f) be the second derivative of f**3/2 - f**2/2 - f. Calculate a(t).
11
Let s(d) = -7 + 3181*d - 6378*d + 3*d**2 + 3239*d - d**3. Calculate s(8).
9
Let d(m) = -m**2 - 2 + 0 + 3. Suppose -12*q + 5 + 19 = 0. Suppose 2 + 4 = q*f. Give d(f).
-8
Let o be 7/(-42) - (-2 - 74/48*4). Let w(h) = -h**2 + 15*h - 18. What is w(o)?
38
Let u(z) be the first derivative of -z**3/3 - 5*z + 1. Let y = -7706 - -7706. Determine u(y).
-5
Let j be ((-18)/30 - -3)/((-108)/(-270)). Let b(c) = c**3 - 11*c**2 - 5*c + 3. Let n(i) = -i**2 - i - 1. Let v(g) = b(g) - 5*n(g). Calculate v(j).
8
Let g(c) be the first derivative of c**4/4 + c**2/2 - 6*c - 565. Determine g(0).
-6
Suppose -2*g - 16 = -4*g - 4*c, 2*g + 3*c - 15 = 0. Let v(w) = -g*w + 5*w - w + w. Suppose 9 = -2*y + 5*b, 0 = -y - 2*y + 4*b - 10. Calculate v(y).
2
Suppose -5 = -6*u + 67. Let j = u - 6. Let k(a) = -2*a + 5. What is k(j)?
-7
Let a(w) = -13*w**2 + 12*w + 2276 - 2240 + 12*w**2. Give a(15).
-9
Let z(c) = 5472092*c + 2*c**2 - 5472115*c - 39 - 3*c**2. Determine z(-18).
51
Suppose 397*m + 1872 = 325*m. Let x(b) = 2*b**2 + 52*b + 23. Give x(m).
23
Let a = 16 + -16. Let c(r) be the first derivative of -r**2/2 + 12*r + 785. Determine c(a).
12
Let m(j) = -844*j + 2528*j + 10*j**2 - 3 - 5 - 836*j - 834*j. Calculate m(-2).
4
Let g(r) = -25*r + 101. Suppose 4*t - 20 = 0, 4*t - 4 = 3*s + 4. Determine g(s).
1
Suppose -4*y + 3*u - 22 = -2*y, 5 = 3*y + 5*u. Let x be -5 - (y - -2)*1. Let s(t) = -13*t - 4. Let c(n) = -6*n - 2. Let g(i) = -7*c(i) + 3*s(i). Give g(x).
-4
Let k = 7240 - 7249. Let c(a) = a**2 + 5*a - 27. Calculate c(k).
9
Suppose 597*y - 2580 = 81*y. Let h(b) be the second derivative of 0 - b - 3/2*b**2 + 1/6*b**3. Calculate h(y).
2
Let t be (5/(-60))/((-6)/(-24))*-6. Let u(z) = -66*z**2 + 21*z**2 + 20*z**t - 2*z + 24*z**2 + 12. Give u(-5).
-3
Let z(n) = 2*n**2 - 41*n - 6. Let u(t) = -t**3 + 22*t**2 - 103*t - 10. Let k be u(15). Calculate z(k).
-26
Let t(a) be the second derivative of 3*a**4/4 - 2*a**3/3 + a**2/2 + 54*a - 15. What is t(3)?
70
Let h = 22 - 16. Let r(g) = g**2 - 3*g + 4 + h*g**2 - 8*g**2. Suppose 22 = q + 5*a, 5*q = 2*q + 3*a - 24. Calculate r(q).
4
Let a(g) = -g**3 + 6*g**2 - 6*g - 1. Suppose 3*b + 240 = -5*t + b, 0 = -2*b - 10. Let c = t - -49. Let i(m) = -m + 8. Let n be i(c). Determine a(n).
-6
Let h = -39 + 43. Suppose 0 = 4*t - 4*o - 396, -5*o + 364 = h*t - 41. Let w(q) = -47 + t + 11*q - 54. What is w(1)?
10
Let z(o) be the third derivative of 19*o**4/24 + 133*o**3/6 + o**2 - 2*o - 4153. Determine z(-7).
0
Let h(b) = -5*b**2 - 8*b - 8. Let l be h(0). Let m(d) = d**2 + 10*d + 2. What is m(l)?
-14
Let i(w) = -w**3 + 9*w**2 + 8*w - 70. Let v = 11305 + -11296. Determine i(v).
2
Let v(c) = -11*c**3 + c**2 - 2*c + 2. Let p(b) = -b**3 + 6*b**2 - 21*b + 36. Let g be p(3). Suppose -3*m - o - 1 = -6*m, g = -o + 2. Give v(m).
-10
Suppose 183*j = -132*j + 36*j + 558. Let n(y) be the second derivative of 0 + 1/3*y**3 - 2*y**j - 14*y. What is n(5)?
6
Let f be (-2645)/(-3174) - (-182)/12. Let o(r) = -r**3 + 15*r**2 + 21*r - 84. What is o(f)?
-4
Let g be 12*((-21)/6 - -3). Let h(c) be the second derivative of c**4/12 + c**3 + 5*c**2/2 - 384*c + 8. Calculate h(g).
5
Let i(w) = -7443 + 7982 - 20*w - 19*w. Determine i(14).
-7
Let r(i) = -11*i + 33. Let o be r(6). Let p = o - -35. Let w(g) = 2*g**2 + 2676 - 2663 - g**p. What is w(0)?
13
Let h(o) = 509 - 13*o - 518 + 7*o. Calculate h(-3).
9
Let s be ((-12)/14)/(10/(-210)). Let f(p) = 2 - 5*p - p**3 - 4 + s*p**2 - 12*p**2 + 0. Let o be (10/(-4))/((-11)/22). Determine f(o).
-2
Let f(j) = -4 + 2 + j - 3. Let v be f(10). Let i(r) = 6*r + 0*r**2 - v*r**2 + 0*r - 5 + 6*r**2. What is i(-7)?
2
Let j be (-6)/(-27) - 322/(-9). Suppose -20 - 128 = 4*d. Let o = d + j. Let s(l) = 12*l + 1. Calculate s(o).
-11
Suppose -43*a + 2*o = -41*a - 8, -2*a - 5*o + 1 = 0. Let d(r) = -8 - 15 - r**a - 20*r + 15*r**2 + 20*r + 41. What is d(15)?
18
Let i(l) be the second derivative of -l**5/20 + l**4/4 + l**3/6 + 2*l**2 + 5*l. Let r be (-6)/39 + 3888/936. Calculate i(r).
-8
Let f(n) be the third derivative of n**5/60 + 7*n**4/24 - 7*n**3/6 - 62*n**2 + 7. What is f(-7)?
-7
Let l(x) be the first derivative of x**3/3 - 7*x**2/2 + x - 6287. Let v = -2 + 11. Let j = v + -3. Calculate l(j).
-5
Let l = 56 - 28. Suppose l = 5*k - o, 4*k + 2*o = 7*o + 14. Let i(w) = -5*w**2 - 19*w**3 + 20*w**3 - 8*w + k*w + 3. Calculate i(5).
-7
Let w(s) be the first derivative of -3*s**2 + 64 + 1/3*s**3 - 2*s. Determine w(4).
-10
Let w(p) = -2*p**3 - 25*p**2 - 15*p - 6. Suppose s - 20 = y, s = -y + 7 - 11. What is w(y)?
30
Let p(u) = 2*u**2 - 7*u - 5. Let x(c) = -3*c**2 + 7*c + 5. Suppose q = 124 - 127. Let g(a) = q*x(a) - 4*p(a). Give g(-6).
-1
Suppose -16*g + 555 - 571 = 0. Let u(y) = 23*y**3 + y**2 + 2*y + 2. What is u(g)?
-22
Let c(r) be the first derivative of -r**4/4 - 6*r**3 + 19*r**2/2 + 10*r + 184. Determine c(-19).
10
Let u(j) = 10*j + j**3 - 50 + 6*j - 17*j + 6*j**2 + 47. Suppose -2*c - 21 = 3*f, -3*c - 3*f = -2*f + 21. Calculate u(c).
3
Let f = -4 + 8. Suppose f*n = 2*n + 14. Let j(m) be the second derivative of m**4/12 - 4*m**3/3 + 3*m**2/2 - 2*m + 6. What is j(n)?
-4
Let a(c) be the third derivative of -c**6/60 - 7*c**5/15 - c**4/12 - 2*c**3/3 + 1981*c**2 - 2*c. Calculate a(-14).
24
Let l(s) = s**3 + 15*s**2 + 13*s - 10. Let y be l(-14). Suppose 0 = -3*z + 4*w + 10 - 1, -4*w + 12 = y*z. Let f(p) = 163 + 0*p + z*p - 163. Give f(-1).
-3
Let m(o) be the second derivative of -o**4/12 + 9*o**3/2 + 35*o**2 + 2872*o. What is m(28)?
42
Let m(k) = 548 - 114 + k - 438. Calculate m(-13).
-17
Let n be 159/(-51) + (-42)/(-357). Let l be -10 + 10 + n + (-6)/2. Let t(c) = -c**3 - 6*c**2 + c + 10. Determine t(l).
4
Let r(u) = 2*u + 2. Let g = -118 - -122. Suppose -19*t = -g*t. Suppose 27*w - 34*w - 14 = t. Calculate r(w).
-2
Suppose 48 = 89*n - 85*n. Suppose n = 2*c - 0*c. Let m(p) = -2*p + 1. Determine m(c).
-11
Let t(j) = 2*j**3 + 48*j**2 - 8*j + 270. Let h(x) = x**2 - x + 23. Let b(m) = -10*h(m) + t(m). Calculate b(-19).
2
Let j(p) = -12*p**3 + 11*p - 4. Let d(u) = 19*u**3 - 17*u + 6. Let o(h) = -5*d(h) - 8*j(h). Let z be (1 + -2)*-2 - 4. Determine o(z).
0
Let o(p) = -p**2 - 5*p. Suppose 5*i - 95 = -5*f, -f - 2*f = -3*i - 57. Suppose -q + 12 = f. Let l be (4 + q)*(-21)/(-9). Give o(l).
-14
Let z = -5520 - -5488. Let v(y) = -y**3 - 33*y**2 - 32*y - 6. Determine v(z).
-6
Let n(h) = 32*h**3 + 34*h**3 + 80 + 4*h + 9*h**3 - 74*h**3 + 19*h**2. What is n(-19)?
4
Let v(m) be the second derivative of 7*m**3/2 + 52*m**2 - 1328*m + 1. Calculate v(-5).
-1
Let l(f) = 2*f - 6. Suppose 4*d + 2*r - 31 = 5*r, 2*r = -5*d + 10. Let m be l(d). Let q(y) = -y**2 + 6*y - 3. What is q(m)?
5
Let q(t) = 1326*t**3 - t + t**2 + 3 - 666*t**3 - 661*t**3. Determine q(0).
3
Let a = 486 - 480. Let r be 22/a*1*(15 + -12). Let d(s) = 3*s - 27. Calculate d(r).
6
Let f be (-26*(-45)/6)/(9/6). Let x be ((-6)/15)/(13/f). Let s(p) = p + 8. Calculate s(x).
4
Let u(d) = -9*d**2 + 10*d + 151. Let p(t) = -7*t**2 + 8*t + 121. Let s(i) = 5*p(i) - 4*u(i). Determine s(1).
2
Let h(f) = -f**3 - 3*f**2 - 4*f - 5. Let p = -312 - -318. Suppose -o + 5*g - 7*g = -p, -o + 5*g = 22. Determine h(o).
-1
Let p(n) = -10*n**2 - n**2 - 3194 + 3200 + 2*n. Let w(i) = 4*i**2 - i - 2. Let u(a) = 4*a**3 - 2*a - 1. Let d be u(-1). Let o(q) = d*p(q) - 8*w(q). Give o(2).
6
Let k(q) be the second derivative of q**5/10 - q**4/3 - q**3/6 - q**2/2 + 36*q. Let v(l) = 6*l**2 - 2*l - l**3 - 13 + 0*l**3 + 1. Let s be v(5). Calculate k(s).
14
Let n(r) = r**2 - 12*r - 5. Let y be ((-10)/12)/(-5) - 845/(-78). Let w(o) = 4*o**2 - 45*o + 24. Let c be w(y). What is n(c)?
8
Let k(g) = 35*g + 7 - 4 - 3. Suppose 0 = -504*j + 161 - 665. What is k(j)?
-35
Let o be 0 - 0 - (-4)/2. Let u = 0 + o. Let y(k) be the third derivative of k**6/120 - k**5/20 + k**4/12 - k**3/2 - 19*k**2 + k - 27. What is y(u)?
-3
Let u(f) = f**3 + f**2 + f + 1. Let a(r) = -r**3 - 7*r**2 - 4*r + 1. Let s be (-60)/(-4) + 3/3. Let l = 15 - s. Let x(n) = l*a